 o = 2100 + -231. What is the tens digit of o?
6
Suppose 2*b + 0*z = -2*z + 6, 5*b - 3*z - 31 = 0. Suppose -b*j = -j - 304. What is the units digit of j?
6
What is the hundreds digit of -3*((-334)/3 - 0)?
3
Let b = -573 - -618. What is the tens digit of b?
4
Let q be 14 + (4 - -1 - 7). What is the tens digit of (-4 - (-44)/q) + 853/3?
8
Let r(g) be the first derivative of g**3 + 7*g**2/2 + 3*g - 5. What is the tens digit of r(-6)?
6
Suppose 3*c - 8*c + 60 = 0. Let s = 24 - c. What is the tens digit of (7/(-3))/((-1)/s)?
2
Let p be (-4 - -6)/(-10) + (-16)/(-5). What is the units digit of 1*83 - (-6 - (-4 - p))?
2
Let j(r) = 2*r**2 + r - 2. Let w be j(2). What is the tens digit of 1/(-6)*(-12 + w)*69?
4
Suppose 8*l + 336 = -32. Let f = 93 + l. What is the tens digit of f?
4
What is the tens digit of 11/33 - (-32)/3?
1
Let o = -68 - -82. What is the units digit of 5/4*o*24/15?
8
Suppose -3*w + 205 = 2*w. Suppose 5*q = 7*q + 10, 0 = -4*a - 3*q + 265. Let v = a - w. What is the tens digit of v?
2
Let k(q) = 933*q**3 - q**2 + 3*q - 4. What is the units digit of k(1)?
1
Suppose -9*y - 6589 = -4*k - 12*y, 3*y + 3 = 0. What is the hundreds digit of k?
6
Let x(j) = -j**3 + 5*j**2 - 4*j - 1. Let q be x(4). What is the tens digit of q + (-5 - -4) - -169?
6
Suppose -3*l - 5*o = 40, -l - l + 10 = -4*o. What is the hundreds digit of (-2)/(1/7*l/50)?
1
Suppose 0 = -w + 4*b - 10, b = -5*w - 3 + 16. Suppose -2*h - 8 = -3*j, j + 7*h + 20 = w*h. Suppose 0 = 2*m - j*m - 8. What is the units digit of m?
4
Let k = 36 + -45. What is the tens digit of 16 + k/3 - 2?
1
Suppose a + 0 = 2. Suppose 4*n + 24 = 5*g, -3*n = -5*g + a*n + 25. Suppose 0*o = -g*o + 296. What is the units digit of o?
4
Suppose -4050 = -5*i - 4*t, 6*t - 15*t = i - 769. What is the hundreds digit of i?
8
Let a = 12 - 9. Suppose 2*x + 4*s + 13 - 125 = 0, a*x = -3*s + 153. What is the tens digit of x?
4
Let v(p) = -p**2 - 5*p + 8. Let x be v(-6). Suppose 603 = x*g + 7*g. What is the units digit of g?
7
Let g be (-2)/(-12) + (-590)/(-60). Suppose -5*f = -g*f + 680. What is the tens digit of f?
3
Let j be ((-198)/(-24))/(6/8). Suppose -j*v + 1200 = -5*v. What is the units digit of v?
0
Suppose -6792 = -3*b + 3*l, -4544 = 2*b - 4*b - 2*l. What is the tens digit of b?
6
Let z(k) = k - 8. Let t be (-2)/6*(-72)/4. Let v be z(t). What is the units digit of 41*(4/(-2))/v?
1
Let x(u) = 95*u - 329. What is the units digit of x(16)?
1
Suppose -4*d + 18414 + 5794 = 0. What is the hundreds digit of d?
0
Let z(v) = 631*v - 135. What is the tens digit of z(5)?
2
Let b(p) = -30 - 12*p + 10*p**2 - 2*p**3 + 3*p**3 + 42. What is the units digit of b(-10)?
2
Suppose 636 = -23*z + 27*z. Let c = -111 + z. What is the tens digit of c?
4
Suppose -4*g + 1368 - 196 = 0. What is the tens digit of g?
9
Suppose -5*y - 220 = -5*b, -b - 4*y = -0*b - 54. Suppose b + 284 = 5*u. What is the units digit of u?
6
Let a = 42 - 21. Let j = -131 + 221. Suppose a*w - j = 18*w. What is the tens digit of w?
3
What is the units digit of 1*2/(-2)*(-4077)/3?
9
Let w(q) = q**3 - 2*q**2 - 3*q - 3. Let g be w(3). What is the tens digit of 33 + (-1 - (4 + g))?
3
Let o = 2415 - 1226. What is the units digit of o?
9
Suppose -5*t + 1264 + 4021 = -4*h, -4*h = t - 1081. What is the tens digit of t?
6
Let q(k) = k**3 - 9*k**2 - 13*k - 24. Let t be q(10). Let i = t + 145. What is the units digit of i?
1
Let i be (-885)/(-35) + 2/(-7). Suppose 5*x = -3*o - 20, 2*x = 2*o - o + i. Let d = 9 - o. What is the tens digit of d?
2
Let c = 36 - 31. Suppose t = -3*v - 4*t + 11, t = -2*v + 5. Suppose c*g - 126 = v*s - 46, 3*s = -3*g + 27. What is the tens digit of g?
1
Let u(n) = 7*n - 1. Let h be u(7). Suppose -8*x + 7*x = -h. What is the tens digit of x?
4
What is the tens digit of (-2)/11 - 13938/(-66)?
1
Let b(g) be the first derivative of -g**3/3 + 11*g**2/2 - 9*g - 5. Let n be b(10). Let i = 25 - n. What is the tens digit of i?
2
Suppose 4*u - 1217 - 1079 = 0. Suppose 6*r + r = u. What is the units digit of r?
2
Let t = 8308 - 5442. What is the tens digit of t?
6
Let f be (-6)/9 + 35/(-15) - -249. Let i = 351 - f. What is the hundreds digit of i?
1
Let k be (124/6)/((-6)/(-9)). Suppose 2*z - 30 = -24. Let j = z + k. What is the tens digit of j?
3
Let p = 6 + -4. Let c be 3/(p/((-8)/(-6))). Suppose 0 = -x + 1, -5*x + c*x = 2*o - 7. What is the units digit of o?
2
Let o(b) = 47 - 27 + 4*b - 31. What is the units digit of o(5)?
9
What is the tens digit of 8574*((-187)/33 + 6)?
5
What is the tens digit of 1*65*8 - (10 + -5)?
1
What is the units digit of (-8060)/78*(0 + (-12)/5)?
8
Let c = 1134 - 433. What is the tens digit of c?
0
Let l = 47 + -97. Let g = 54 + l. What is the units digit of g?
4
Suppose -w = -6*w - 245. Let l = -4 + 73. Let n = w + l. What is the units digit of n?
0
Let h = 46 - -87. Suppose -4*c + 239 = -4*i - h, c - 102 = -2*i. Suppose 0 = 4*m + 2*d - c, 3*m = -0*m + 4*d + 72. What is the units digit of m?
4
Let r(w) = -28*w + 4. Let t be r(-2). Let z = t - -7. What is the tens digit of z?
6
Let m(n) = -3*n + 2. Let c be m(3). Let a(j) be the third derivative of -j**5/60 - 5*j**4/12 + j**3/2 + 2*j**2. What is the units digit of a(c)?
4
Let h be (-52)/(-182) - (-1066)/(-7). Let m = h + 272. What is the tens digit of m?
2
Let x be (-10 - -7 - -6)*(-1 + 2). Suppose -2*a - 380 = -4*v, -182 = -5*v + x*v + 5*a. What is the units digit of v?
6
Let o(k) = 4*k**2 + 2*k + 1. Let n be o(2). Let s = -19 + n. Suppose -3*c + 2*c + 23 = -u, -4*c - s*u = -68. What is the tens digit of c?
1
What is the units digit of (-2 + (-5 - 0))*(-2 + 1)?
7
Suppose -x + 2*j = -141, -6*x + 4*x - 5*j + 309 = 0. What is the units digit of x?
7
Let q = 356 + -271. What is the tens digit of q?
8
Suppose 441 = 2*z - 409. What is the tens digit of (z/5 - 2)/1?
8
Suppose -a = v - 15, -v + 13 = -0*v - a. Let o(g) = 4*g - 10. What is the tens digit of o(v)?
4
Let t(n) = -140*n + 280. What is the tens digit of t(-7)?
6
Let t = 30 - 25. Suppose t*l - 49 = 4*l. What is the tens digit of l?
4
Let q(f) = 2*f - 14. Let i be q(5). Let o be i/(-14) - (-66)/14. Suppose o*u + u = 222. What is the tens digit of u?
3
Let i be (-5 + -1)/(4/(-2)). Suppose -i*z + 36 = 3*a, -4*a - 7 = -3. Let j = z + -10. What is the units digit of j?
3
Let f(j) = j**2 - j - 2. Let d be f(-2). Suppose d*n - 10 = -n. Suppose -3 = 3*c - r - 68, -n*c = -4*r - 40. What is the tens digit of c?
2
Let n = 72 + -4. Suppose x - n = -3*x. What is the tens digit of x?
1
Suppose 5*l - 22186 = u, 7*l - u - 8875 = 5*l. What is the hundreds digit of l?
4
Suppose 3*d - 5*q + 162 = 0, -270 = 2*d + 3*d + 4*q. Let n be 22/(-77) + d/7. What is the tens digit of (n - -1)*290/(-35)?
5
Let u(a) = -16*a**2 + 2*a - 7. Let k(z) = z**2 + 1. Let j(s) = 6*k(s) + u(s). Let m be j(-2). What is the tens digit of (m/(-12))/((-2)/(-8))?
1
Suppose 113*c = 97*c + 49040. What is the tens digit of c?
6
Let d = 595 + 1052. What is the tens digit of d?
4
Let g = -721 - -1489. What is the hundreds digit of g?
7
What is the thousands digit of 46858/18 - 242/1089?
2
Suppose 0 = k - 2*k - 3. Let t(f) = f**2 + 10*f - 2. Let x be t(-10). What is the tens digit of (k/x - 1)*54?
2
Suppose i + 8 = -92. Let v = 215 + i. What is the units digit of v?
5
Let v(z) = 4*z - 32. Let r be v(-18). Let y = 149 + r. What is the units digit of y?
5
Suppose -2 = -d, 3*d + 2 = h + h. Let z(n) = 3*n**2 - 14*n + 4. Let a be z(7). Suppose -g = -a - h. What is the tens digit of g?
5
Let j(o) be the third derivative of 23*o**4/24 + 8*o**3/3 - 20*o**2. What is the tens digit of j(3)?
8
Suppose 0 = 7*y - 9*y + 68. Suppose h - 52 = -4*p + 159, 4*h - y = -p. What is the units digit of p?
4
Suppose -18*r = -19*r - 1. What is the tens digit of ((-378)/(-28))/(r/(-2))?
2
Let l(v) = -v**3 - 20*v**2 - 27*v - 40. What is the units digit of l(-20)?
0
Suppose 0 = -2*d + 111 + 177. Suppose k = 9*k - d. Suppose 2*f + 0*f = k. What is the units digit of f?
9
Suppose 3*y - 4*d - 2379 + 674 = 0, 3*d = -5*y + 2832. What is the tens digit of y?
6
Let b = -239 - -541. Suppose 522 = 4*k - 4*p - 74, -2*k + b = -p. What is the hundreds digit of k?
1
Suppose -8027 = -6*v - 2645. What is the hundreds digit of v?
8
Let a = -3779 + 6296. What is the units digit of a?
7
Suppose 18*r + 816 = 15*r. Let y = -191